{"id":65,"date":"2025-01-06T12:39:20","date_gmt":"2025-01-06T11:39:20","guid":{"rendered":"https:\/\/www.slsdz.pl\/?page_id=65"},"modified":"2025-01-07T12:01:00","modified_gmt":"2025-01-07T11:01:00","slug":"o-nas","status":"publish","type":"page","link":"https:\/\/www.slsdz.pl\/?page_id=65","title":{"rendered":"O nas"},"content":{"rendered":"<p style=\"text-align: justify;\">Stowarzyszenie kt\u00f3re powsta\u0142o na bazie wsp\u00f3lnych warto\u015bci:<\/p>\n<ul class=\"o_nas_ul\" style=\"text-align: justify;\">\n<li>mi\u0142o\u015bci do zwierz\u0105t<\/li>\n<li>szacunku do \u017cycia<\/li>\n<li>odpowiedzialno\u015bci<\/li>\n<\/ul>\n<p style=\"text-align: justify;\">Uwa\u017camy, \u017ce zwierzaka nale\u017cy przywi\u0105zywa\u0107 do siebie, a nie do \u0142a\u0144cucha, \u017ce dom dla zwierzaka to miejsce bezpieczne i przyjazne, \u017ce zwierz\u0119 to nie alarm czy zabawka \u2013 to istota, kt\u00f3ra mo\u017ce by\u0107 przyjacielem, lekiem na samotno\u015b\u0107, towarzyszem zabaw, terapeut\u0105, \u017ar\u00f3d\u0142em u\u015bmiechu i rado\u015bci.<\/p>\n<p style=\"text-align: justify;\">To \u017cywy organizm, kt\u00f3ry czuje: b\u00f3l, strach, g\u0142\u00f3d, zimno, ale te\u017c bezwarunkow\u0105 mi\u0142o\u015b\u0107, wierno\u015b\u0107 i przywi\u0105zanie \u2013 je\u015bli tylko mu na to pozwolimy.<\/p>\n<p style=\"text-align: justify;\">Jeste\u015bmy osobami prywatnymi \u2013 wolontariuszami \u2013 kt\u00f3re w pe\u0142ni \u015bwiadomie (znaj\u0105c konsekwencje) podj\u0119\u0142y decyzj\u0119 o utworzeniu organizacji, kt\u00f3ra b\u0119dzie budzi\u0107 pok\u0142ady wra\u017cliwo\u015bci, najlepszych warto\u015bci, a obala\u0107 mity i stereotypy nt zwierz\u0105t i opieki nad nimi.<\/p>\n<p style=\"text-align: justify;\">Wiemy, \u017ce nie b\u0119dzie \u0142atwo, ale czujemy \u017ce warto \ud83d\ude0a<\/p>\n<p style=\"text-align: justify;\">Je\u015bli uwa\u017casz podobnie jak my, je\u015bli czujesz potrzeb\u0119 pomagania, je\u015bli chcesz by\u0107 g\u0142osem tych, kt\u00f3re g\u0142osu nie maj\u0105, je\u015bli masz mo\u017cliwo\u015b\u0107 \u2013 nie marnuj tego, bo wszystko dobre co dasz wr\u00f3ci do Ciebie wielokrotnie. Zosta\u0144 wolontariuszem, zosta\u0144 cz\u0142onkiem naszego Stowarzyszenia.<\/p>\n<h2>Informacje<\/h2>\n<ul class=\"lista1\">\n<li>KRS: 0000869943<\/li>\n<li>REGON: 387537668<\/li>\n<li>NIP: 7931633490<\/li>\n<li>Numer rachunku bankowego PL: 46 9101 0003 2003 0000 0125 0001<\/li>\n<li>SWIFT\/BIC CODE: POLUPLPR<\/li>\n<\/ul>\n","protected":false},"excerpt":{"rendered":"<p>Stowarzyszenie kt\u00f3re powsta\u0142o na bazie wsp\u00f3lnych warto\u015bci: mi\u0142o\u015bci do zwierz\u0105t szacunku do \u017cycia odpowiedzialno\u015bci Uwa\u017camy, \u017ce zwierzaka nale\u017cy przywi\u0105zywa\u0107 do siebie, a nie do \u0142a\u0144cucha, \u017ce dom dla zwierzaka to miejsce bezpieczne i przyjazne, \u017ce zwierz\u0119 to nie alarm czy zabawka \u2013 to istota, kt\u00f3ra mo\u017ce by\u0107 przyjacielem, lekiem na samotno\u015b\u0107, towarzyszem zabaw, terapeut\u0105, \u017ar\u00f3d\u0142em [&hellip;]<\/p>\n","protected":false},"author":1,"featured_media":0,"parent":0,"menu_order":0,"comment_status":"closed","ping_status":"closed","template":"","meta":{"footnotes":""},"class_list":["post-65","page","type-page","status-publish","hentry"],"yoast_head":"<!-- This site is optimized with the Yoast SEO plugin v26.0 - https:\/\/yoast.com\/wordpress\/plugins\/seo\/ -->\n<title>O nas - Lubaczowskie Serce dla Zwierz\u0105t<\/title>\n<meta name=\"robots\" content=\"index, follow, max-snippet:-1, max-image-preview:large, max-video-preview:-1\" \/>\n<link rel=\"canonical\" href=\"https:\/\/www.slsdz.pl\/?page_id=65\" \/>\n<meta property=\"og:locale\" content=\"pl_PL\" \/>\n<meta property=\"og:type\" content=\"article\" \/>\n<meta property=\"og:title\" content=\"O nas - Lubaczowskie Serce dla Zwierz\u0105t\" \/>\n<meta property=\"og:description\" content=\"Stowarzyszenie kt\u00f3re powsta\u0142o na bazie wsp\u00f3lnych warto\u015bci: mi\u0142o\u015bci do zwierz\u0105t szacunku do \u017cycia odpowiedzialno\u015bci Uwa\u017camy, \u017ce zwierzaka nale\u017cy przywi\u0105zywa\u0107 do siebie, a nie do \u0142a\u0144cucha, \u017ce dom dla zwierzaka to miejsce bezpieczne i przyjazne, \u017ce zwierz\u0119 to nie alarm czy zabawka \u2013 to istota, kt\u00f3ra mo\u017ce by\u0107 przyjacielem, lekiem na samotno\u015b\u0107, towarzyszem zabaw, terapeut\u0105, \u017ar\u00f3d\u0142em [&hellip;]\" \/>\n<meta property=\"og:url\" content=\"https:\/\/www.slsdz.pl\/?page_id=65\" \/>\n<meta property=\"og:site_name\" content=\"Lubaczowskie Serce dla Zwierz\u0105t\" \/>\n<meta property=\"article:modified_time\" content=\"2025-01-07T11:01:00+00:00\" \/>\n<meta name=\"twitter:card\" content=\"summary_large_image\" \/>\n<meta name=\"twitter:label1\" content=\"Szacowany czas czytania\" \/>\n\t<meta name=\"twitter:data1\" content=\"2 minuty\" \/>\n<script type=\"application\/ld+json\" class=\"yoast-schema-graph\">{\"@context\":\"https:\/\/schema.org\",\"@graph\":[{\"@type\":\"WebPage\",\"@id\":\"https:\/\/www.slsdz.pl\/?page_id=65\",\"url\":\"https:\/\/www.slsdz.pl\/?page_id=65\",\"name\":\"O nas - Lubaczowskie Serce dla Zwierz\u0105t\",\"isPartOf\":{\"@id\":\"https:\/\/www.slsdz.pl\/#website\"},\"datePublished\":\"2025-01-06T11:39:20+00:00\",\"dateModified\":\"2025-01-07T11:01:00+00:00\",\"breadcrumb\":{\"@id\":\"https:\/\/www.slsdz.pl\/?page_id=65#breadcrumb\"},\"inLanguage\":\"pl-PL\",\"potentialAction\":[{\"@type\":\"ReadAction\",\"target\":[\"https:\/\/www.slsdz.pl\/?page_id=65\"]}]},{\"@type\":\"BreadcrumbList\",\"@id\":\"https:\/\/www.slsdz.pl\/?page_id=65#breadcrumb\",\"itemListElement\":[{\"@type\":\"ListItem\",\"position\":1,\"name\":\"Strona g\u0142\u00f3wna\",\"item\":\"https:\/\/www.slsdz.pl\/\"},{\"@type\":\"ListItem\",\"position\":2,\"name\":\"O nas\"}]},{\"@type\":\"WebSite\",\"@id\":\"https:\/\/www.slsdz.pl\/#website\",\"url\":\"https:\/\/www.slsdz.pl\/\",\"name\":\"Lubaczowskie Serce dla Zwierz\u0105t\",\"description\":\"Lubaczowskie Serce dla Zwierz\u0105t \",\"publisher\":{\"@id\":\"https:\/\/www.slsdz.pl\/#organization\"},\"potentialAction\":[{\"@type\":\"SearchAction\",\"target\":{\"@type\":\"EntryPoint\",\"urlTemplate\":\"https:\/\/www.slsdz.pl\/?s={search_term_string}\"},\"query-input\":{\"@type\":\"PropertyValueSpecification\",\"valueRequired\":true,\"valueName\":\"search_term_string\"}}],\"inLanguage\":\"pl-PL\"},{\"@type\":\"Organization\",\"@id\":\"https:\/\/www.slsdz.pl\/#organization\",\"name\":\"Lubaczowskie Serce dla Zwierz\u0105t\",\"url\":\"https:\/\/www.slsdz.pl\/\",\"logo\":{\"@type\":\"ImageObject\",\"inLanguage\":\"pl-PL\",\"@id\":\"https:\/\/www.slsdz.pl\/#\/schema\/logo\/image\/\",\"url\":\"https:\/\/www.slsdz.pl\/wp-content\/uploads\/2025\/01\/cropped-pelne_logo_do_www_kolor_1.png\",\"contentUrl\":\"https:\/\/www.slsdz.pl\/wp-content\/uploads\/2025\/01\/cropped-pelne_logo_do_www_kolor_1.png\",\"width\":240,\"height\":180,\"caption\":\"Lubaczowskie Serce dla Zwierz\u0105t \"},\"image\":{\"@id\":\"https:\/\/www.slsdz.pl\/#\/schema\/logo\/image\/\"}}]}<\/script>\n<!-- \/ Yoast SEO plugin. -->","yoast_head_json":{"title":"O nas - Lubaczowskie Serce dla Zwierz\u0105t","robots":{"index":"index","follow":"follow","max-snippet":"max-snippet:-1","max-image-preview":"max-image-preview:large","max-video-preview":"max-video-preview:-1"},"canonical":"https:\/\/www.slsdz.pl\/?page_id=65","og_locale":"pl_PL","og_type":"article","og_title":"O nas - Lubaczowskie Serce dla Zwierz\u0105t","og_description":"Stowarzyszenie kt\u00f3re powsta\u0142o na bazie wsp\u00f3lnych warto\u015bci: mi\u0142o\u015bci do zwierz\u0105t szacunku do \u017cycia odpowiedzialno\u015bci Uwa\u017camy, \u017ce zwierzaka nale\u017cy przywi\u0105zywa\u0107 do siebie, a nie do \u0142a\u0144cucha, \u017ce dom dla zwierzaka to miejsce bezpieczne i przyjazne, \u017ce zwierz\u0119 to nie alarm czy zabawka \u2013 to istota, kt\u00f3ra mo\u017ce by\u0107 przyjacielem, lekiem na samotno\u015b\u0107, towarzyszem zabaw, terapeut\u0105, \u017ar\u00f3d\u0142em [&hellip;]","og_url":"https:\/\/www.slsdz.pl\/?page_id=65","og_site_name":"Lubaczowskie Serce dla Zwierz\u0105t","article_modified_time":"2025-01-07T11:01:00+00:00","twitter_card":"summary_large_image","twitter_misc":{"Szacowany czas czytania":"2 minuty"},"schema":{"@context":"https:\/\/schema.org","@graph":[{"@type":"WebPage","@id":"https:\/\/www.slsdz.pl\/?page_id=65","url":"https:\/\/www.slsdz.pl\/?page_id=65","name":"O nas - Lubaczowskie Serce dla Zwierz\u0105t","isPartOf":{"@id":"https:\/\/www.slsdz.pl\/#website"},"datePublished":"2025-01-06T11:39:20+00:00","dateModified":"2025-01-07T11:01:00+00:00","breadcrumb":{"@id":"https:\/\/www.slsdz.pl\/?page_id=65#breadcrumb"},"inLanguage":"pl-PL","potentialAction":[{"@type":"ReadAction","target":["https:\/\/www.slsdz.pl\/?page_id=65"]}]},{"@type":"BreadcrumbList","@id":"https:\/\/www.slsdz.pl\/?page_id=65#breadcrumb","itemListElement":[{"@type":"ListItem","position":1,"name":"Strona g\u0142\u00f3wna","item":"https:\/\/www.slsdz.pl\/"},{"@type":"ListItem","position":2,"name":"O nas"}]},{"@type":"WebSite","@id":"https:\/\/www.slsdz.pl\/#website","url":"https:\/\/www.slsdz.pl\/","name":"Lubaczowskie Serce dla Zwierz\u0105t","description":"Lubaczowskie Serce dla Zwierz\u0105t ","publisher":{"@id":"https:\/\/www.slsdz.pl\/#organization"},"potentialAction":[{"@type":"SearchAction","target":{"@type":"EntryPoint","urlTemplate":"https:\/\/www.slsdz.pl\/?s={search_term_string}"},"query-input":{"@type":"PropertyValueSpecification","valueRequired":true,"valueName":"search_term_string"}}],"inLanguage":"pl-PL"},{"@type":"Organization","@id":"https:\/\/www.slsdz.pl\/#organization","name":"Lubaczowskie Serce dla Zwierz\u0105t","url":"https:\/\/www.slsdz.pl\/","logo":{"@type":"ImageObject","inLanguage":"pl-PL","@id":"https:\/\/www.slsdz.pl\/#\/schema\/logo\/image\/","url":"https:\/\/www.slsdz.pl\/wp-content\/uploads\/2025\/01\/cropped-pelne_logo_do_www_kolor_1.png","contentUrl":"https:\/\/www.slsdz.pl\/wp-content\/uploads\/2025\/01\/cropped-pelne_logo_do_www_kolor_1.png","width":240,"height":180,"caption":"Lubaczowskie Serce dla Zwierz\u0105t "},"image":{"@id":"https:\/\/www.slsdz.pl\/#\/schema\/logo\/image\/"}}]}},"_links":{"self":[{"href":"https:\/\/www.slsdz.pl\/index.php?rest_route=\/wp\/v2\/pages\/65","targetHints":{"allow":["GET"]}}],"collection":[{"href":"https:\/\/www.slsdz.pl\/index.php?rest_route=\/wp\/v2\/pages"}],"about":[{"href":"https:\/\/www.slsdz.pl\/index.php?rest_route=\/wp\/v2\/types\/page"}],"author":[{"embeddable":true,"href":"https:\/\/www.slsdz.pl\/index.php?rest_route=\/wp\/v2\/users\/1"}],"replies":[{"embeddable":true,"href":"https:\/\/www.slsdz.pl\/index.php?rest_route=%2Fwp%2Fv2%2Fcomments&post=65"}],"version-history":[{"count":3,"href":"https:\/\/www.slsdz.pl\/index.php?rest_route=\/wp\/v2\/pages\/65\/revisions"}],"predecessor-version":[{"id":112,"href":"https:\/\/www.slsdz.pl\/index.php?rest_route=\/wp\/v2\/pages\/65\/revisions\/112"}],"wp:attachment":[{"href":"https:\/\/www.slsdz.pl\/index.php?rest_route=%2Fwp%2Fv2%2Fmedia&parent=65"}],"curies":[{"name":"wp","href":"https:\/\/api.w.org\/{rel}","templated":true}]}}